What is the thousands digit of 21007556?
7
What is the thousands digit of 174546?
4
What is the hundred thousands digit of 2113090?
1
What is the hundreds digit of 132551?
5
What is the ten thousands digit of 208227?
0
What is the hundreds digit of 675588?
5
What is the ten thousands digit of 4163211?
6
What is the units digit of 1570968?
8
What is the hundreds digit of 2048998?
9
What is the ten thousands digit of 11783527?
8
What is the thousands digit of 91532?
1
What is the hundred thousands digit of 2823129?
8
What is the hundreds digit of 11870718?
7
What is the ten thousands digit of 5426591?
2
What is the hundreds digit of 349068?
0
What is the ten thousands digit of 1461957?
6
What is the thousands digit of 2867067?
7
What is the ten thousands digit of 241684?
4
What is the ten millions digit of 10480811?
1
What is the units digit of 248850?
0
What is the hundred thousands digit of 10894953?
8
What is the units digit of 939351?
1
What is the hundred thousands digit of 196636?
1
What is the ten thousands digit of 336756?
3
What is the units digit of 2401460?
0
What is the hundreds digit of 141636?
6
What is the ten thousands digit of 67092?
6
What is the ten thousands digit of 25501393?
0
What is the ten thousands digit of 469239?
6
What is the ten thousands digit of 8095013?
9
What is the thousands digit of 277346?
7
What is the hundreds digit of 4566126?
1
What is the thousands digit of 951322?
1
What is the tens digit of 1894932?
3
What is the hundred thousands digit of 598839?
5
What is the ten millions digit of 12325694?
1
What is the ten thousands digit of 3234894?
3
What is the ten thousands digit of 25805?
2
What is the thousands digit of 414610?
4
What is the hundreds digit of 1845173?
1
What is the hundreds digit of 132876?
8
What is the hundred thousands digit of 521271?
5
What is the hundreds digit of 142190?
1
What is the tens digit of 1865747?
4
What is the hundreds digit of 1458356?
3
What is the hundreds digit of 197613?
6
What is the thousands digit of 1897450?
7
What is the ten thousands digit of 4383594?
8
What is the millions digit of 15408991?
5
What is the ten millions digit of 11916604?
1
What is the hundred thousands digit of 557415?
5
What is the thousands digit of 5226173?
6
What is the hundreds digit of 21271153?
1
What is the tens digit of 163546?
4
What is the thousands digit of 13643311?
3
What is the units digit of 31327936?
6
What is the millions digit of 2258989?
2
What is the units digit of 9115099?
9
What is the units digit of 7344606?
6
What is the thousands digit of 148320?
8
What is the ten thousands digit of 524562?
2
What is the hundreds digit of 358625?
6
What is the hundred thousands digit of 824731?
8
What is the tens digit of 479819?
1
What is the hundreds digit of 25962013?
0
What is the units digit of 43802?
2
What is the units digit of 1009530?
0
What is the hundred thousands digit of 503404?
5
What is the tens digit of 6955927?
2
What is the tens digit of 2058752?
5
What is the thousands digit of 52605?
2
What is the ten thousands digit of 139767?
3
What is the tens digit of 267509?
0
What is the ten millions digit of 38788577?
3
What is the millions digit of 5835318?
5
What is the units digit of 7605581?
1
What is the thousands digit of 352374?
2
What is the hundred thousands digit of 246714?
2
What is the hundreds digit of 18851360?
3
What is the hundreds digit of 2645559?
5
What is the tens digit of 364211?
1
What is the tens digit of 205494?
9
What is the thousands digit of 79906?
9
What is the thousands digit of 207459?
7
What is the ten thousands digit of 4772200?
7
What is the hundred thousands digit of 2707936?
7
What is the tens digit of 723948?
4
What is the tens digit of 203522?
2
What is the ten thousands digit of 33897?
3
What is the tens digit of 2269970?
7
What is the thousands digit of 7653?
7
What is the ten thousands digit of 1910808?
1
What is the millions digit of 3773172?
3
What is the millions digit of 10980573?
0
What is the tens digit of 87216?
1
What is the units digit of 4510376?
6
What is the thousands digit of 8816570?
6
What is the hundreds digit of 5222585?
5
What is the hundred thousands digit of 24805811?
8
What is the units digit of 339768?
8
What is the hundreds digit of 461520?
5
What is the hundred thousands digit of 1006877?
0
What is the ten thousands digit of 55387?
5
What is the thousands digit of 2551005?
1
What is the ten millions digit of 10550892?
1
What is the millions digit of 1385753?
1
What is the ten thousands digit of 2075104?
7
What is the thousands digit of 58663?
8
What is the hundreds digit of 8532011?
0
What is the hundred thousands digit of 623967?
6
What is the units digit of 242108?
8
What is the ten thousands digit of 1131487?
3
What is the hundreds digit of 439958?
9
What is the thousands digit of 785253?
5
What is the millions digit of 36054975?
6
What is the tens digit of 13480199?
9
What is the ten thousands digit of 4539330?
3
What is the units digit of 310742?
2
What is the hundred thousands digit of 198034?
1
What is the thousands digit of 47599?
7
What is the units digit of 4900279?
9
What is the millions digit of 11321911?
1
What is the ten thousands digit of 2634616?
3
What is the thousands digit of 2262405?
2
What is the units digit of 168971?
1
What is the thousands digit of 664299?
4
What is the hundred thousands digit of 30460926?
4
What is the hundred thousands digit of 121796?
1
What is the units digit of 474121?
1
What is the tens digit of 587898?
9
What is the hundred thousands digit of 137717?
1
What is the hundred thousands digit of 189340?
1
What is the units digit of 2029014?
4
What is the units digit of 188335?
5
What is the hundreds digit of 539967?
9
What is the tens digit of 2314067?
6
What is the hundred thousands digit of 8153307?
1
What is the hundreds digit of 431861?
8
What is the ten thousands digit of 867660?
6
What is the hundreds digit of 62485?
4
What is the thousands digit of 36673?
6
What is the ten thousands digit of 760302?
6
What is the thousands digit of 914475?
4
What is the units digit of 715081?
1
What is the hundred thousands digit of 301540?
3
What is the millions digit of 1018177?
1
What is the thousands digit of 1566865?
6
What is the thousands digit of 47016?
7
What is the thousands digit of 2155857?
5
What is the units digit of 90256?
6
What is the millions digit of 1171435?
1
What is the tens digit of 347050?
5
What is the ten thousands digit of 3861881?
6
What is the units digit of 523891?
1
What is the tens digit of 173302?
0
What is the tens digit of 129334?
3
What is the ten thousands digit of 76532?
7
What is the hundreds digit of 2154162?
1
What is the thousands digit of 802985?
2
What is the ten thousands digit of 1938268?
3
What is the hundred thousands digit of 537994?
5
What is the units digit of 1928866?
6
What is the units digit of 15496947?
7
What is the units digit of 625632?
2
What is the hundreds digit of 14148206?
2
What is the hundreds digit of 2868064?
0
What is the hundreds digit of 8231133?
1
What is the hundred thousands digit of 2741418?
7
What is the thousands digit of 5981766?
1
What is the tens digit of 101305?
0
What is the hundreds digit of 323463?
4
What is the units digit of 11246394?
4
What is the millions digit of 1184695?
1
What is the tens digit of 4263969?
6
What is the tens digit of 1409925?
2
What is the hundred thousands digit of 7520466?
5
What is the units digit of 1624438?
8
What is the tens digit of 376243?
4
What is the millions digit of 1492079?
1
What is the ten thousands digit of 1087691?
8
What is the thousands digit of 328696?
8
What is the thousands digit of 149745?
9
What is the ten thousands digit of 1097225?
9
What is the hundred thousands digit of 413623?
4
What is the thousands digit of 641539?
1
What is the millions digit of 1063265?
1
What is the hundred thousands digit of 409800?
4
What is the tens digit of 2078811?
1
What is the hundreds digit of 541780?
7
What is the hundred thousands digit of 7922922?
9
What is the ten thousands digit of 239484?
3
What is the tens digit of 360578?
7
What is the hundred thousands digit of 371963?
3
What is the thousands digit of 7396344?
6
What is the thousands digit of 868278?
8
Wha